- 4. Calculate u(l).
-52
Let q(k) = 39*k - 3. Let m(y) = -20*y. Let g(l) = 5*m(l) + 3*q(l). Give g(0).
-9
Suppose -27*p + 478 = 397. Let s be 4/(-10) + (-34)/(-10). Let i(m) = 30 + m - 29 + s*m - p*m. Give i(1).
2
Let x(t) be the third derivative of 1/10*t**5 + 1/120*t**6 - t**2 + 0 + 0*t - 5/3*t**3 - 1/3*t**4. Let o be (-16)/((-80)/(-85)) + 10. Determine x(o).
-3
Let y = 10 - 5. Suppose 0 = -3847*w + 3778*w + 207. Suppose -w + 28 = -y*u. Let i(r) = -r**2 - 11*r - 2. Determine i(u).
28
Suppose -40*h - 48 = -103*h + 78. Let m(i) be the second derivative of 0 + 1/2*i**3 - 2*i + 3/2*i**h + 1/20*i**5 + 1/6*i**4. Determine m(-2).
-3
Let a(b) = b**3 + 2*b**2 - 6*b - 1. Let x = 40 + -38. Suppose 4*r + 7 = x*g - 35, 5*r = g - 30. Suppose 0 = 4*p + i + g, -3*p - 2*i = 2 + 8. What is a(p)?
-9
Let i = 36 - 1. Let g = 32 - i. Let n(r) be the second derivative of r**3/3 - r**2/2 - 36*r. Calculate n(g).
-7
Let x(h) = -h**2 + 20*h - 15. Let u be -3 + 67/7 - 20/35. Suppose 4*p = -3*z + 73, 5*p - 96 = 2*z - u*z. Give x(z).
4
Let z(q) = -q**3 - 4*q**2 + 7*q + 7. Suppose 23*c = 24*c - 4. Suppose 0 = -7*f - 31 - c. Let n be z(f). Let j(s) = s**3 + 2*s**2 + s + 4. Determine j(n).
-8
Let b(i) = -2 + 12 - 8*i - 2*i + 0*i + 6*i. Let m be (-7)/(-2) - -3*5/30. What is b(m)?
-6
Let j be -14 + (125 + -2 - -12). Let s = -102 - 20. Let z = s + j. Let a(v) = 2*v**3 + 2*v + 1. Calculate a(z).
-3
Let y(v) = -543*v - 17. Let z(p) = -1221*p - 35. Let k(o) = 9*y(o) - 4*z(o). Give k(-20).
47
Let i = -18 - -43. Let s(v) = i + 477*v - 3 - 476*v. What is s(-11)?
11
Let m(w) be the first derivative of w**3/3 + 13*w + 1440. Let p(t) = -t**2 - 9*t - 18. Let x be p(-6). Calculate m(x).
13
Let y(m) be the third derivative of m**7/5040 + m**5/3 - 18*m**2. Let s(o) be the third derivative of y(o). Let x be (2/5)/(10/100). Give s(x).
4
Let d(k) be the third derivative of k**5/60 - k**4/4 + 4*k**3/3 + 6*k**2 - k + 836. Let l(b) = -b**2 + 5*b + 7. Let t be l(5). Calculate d(t).
15
Let p(q) = -7*q + 12. Let k(l) = -6*l + 13. Let y(x) = -3*k(x) + 2*p(x). Let c(z) = z - 2. Let g(u) = 6*c(u) - y(u). Determine g(-9).
-15
Suppose -4*f - 20 = -4*j, 2*j - 9 = f - 3. Let t(z) = 3*z**2 - 2*z - 7. Let q(h) = -h**2 + h + 2. Let i(m) = f*q(m) - t(m). Give i(3).
2
Let h(f) be the first derivative of -f**2 - 6*f + 1. Suppose 4*w - 12 = 4*j, -573*j + 572*j - 3*w - 23 = 0. Calculate h(j).
10
Let w(z) be the first derivative of z**5/60 - z**4/24 - 55*z**3/3 + z**2/2 - 39. Let b(x) be the third derivative of w(x). What is b(-1)?
-3
Let u = 48 - 33. Let y = u + -14. Let c(a) = 2*a**2 + 2*a + 4*a + y - 7*a. What is c(-2)?
11
Let h(j) = -2*j**2 + 3*j + 7. Let w be h(0). Suppose -4 = -11*l + w. Let n(p) = -2*p. Calculate n(l).
-2
Let c = -136 - -139. Let v(b) = -57*b**3 - b**2 + 63*b**c - b**2 + b. Give v(1).
5
Let h(d) be the third derivative of -d**6/120 - d**5/15 + 5*d**4/24 + 5*d**3/6 - 5*d**2 + 41. Give h(-5).
5
Let f(l) = -26*l + 23. Let p(m) = -46*m + 39. Let z(s) = 7*f(s) - 4*p(s). Give z(-9).
-13
Let g(v) = 21984*v + 12 - 21998*v + v**2 + 29. Calculate g(4).
1
Let j(v) be the second derivative of -19*v**4/6 + v**3/3 + v**2 + 119*v - 20. Calculate j(-1).
-38
Let c(d) = 60*d - 25*d - 34*d + 10. Suppose 0 = 3*q + p + 22, 5*q = -p - 15 - 19. Give c(q).
4
Let h(u) = -u**2 - 15*u. Suppose -3*v + 5*g - 10*g = 0, -2*v - 2 = 4*g. Let p be (-74)/v + -2*(-8)/(-80). What is h(p)?
0
Let x(d) = 15*d - 24. Let j be x(4). Suppose -j*f + 4*h - 10 = -38*f, -5*h = -15. Let y(z) = -16*z**2 + z + 1. Give y(f).
-16
Let b = 10841 + -10844. Let t(v) = -2*v**2 - 3*v + 6. What is t(b)?
-3
Suppose 41*t - 43*t - 2*p - 12 = 0, -4*p = 0. Let v(y) = -5*y**2 + 7*y - 8. Let x(g) = -3*g**2 + 3*g - 4. Let l(c) = -4*v(c) + 7*x(c). Give l(t).
10
Let a(x) be the first derivative of -x**4/4 + x**3 - 3*x**2/2 + 1. Let o = 254 + -280. Let q(b) = 2*b + 55. Let t be q(o). What is a(t)?
-9
Let i(f) be the second derivative of -f**5/20 + 5*f**4/6 - 17*f**3/6 - 9*f**2/2 + 1573*f. Calculate i(7).
19
Suppose 22*n + 25298 = 25232. Let s(x) = 6*x**2 + 8*x + 20. Calculate s(n).
50
Let c(d) = d + 1. Let b(w) = -w**2 + 13*w - 20. Let p(x) = b(x) + 5*c(x). Let i be p(17). Let n(h) = 2 + 4*h**2 - 2*h**3 - h - 3*h + h**3. Calculate n(i).
2
Let u(j) = 35*j + 73. Suppose -591*g = -3*t - 592*g - 7, 0 = -3*t + 6*g. Give u(t).
3
Let k(z) = -36*z**2 + 6*z - 178. Let q(a) = 11*a**2 - 2*a + 59. Let o(y) = 4*k(y) + 13*q(y). Determine o(6).
7
Let d be (-3900)/(-520) - (2/(-4) + 2). Let m(u) = u**2 - 2*u - 3. Give m(d).
21
Let v(f) = -2*f**3 + 8*f + 5. Let x be v(-3). Let m(a) = 35 + 2*a - 102 + x - 3*a**2 + 29 - a**3. Give m(-3).
-9
Let m(c) = 5*c. Let u = -3 + -685. Let a = 684 + u. Give m(a).
-20
Let y(u) be the third derivative of 5/6*u**3 + 0 - 1/24*u**4 + 0*u - 92*u**2. Determine y(4).
1
Suppose -5*o - r = -4*r - 1254, -3*o = -3*r - 756. Let x = o + -253. Let g(q) = -q**3 - 4*q**2 - q + 4. Calculate g(x).
8
Let r(f) = 3*f + 3. Let l(d) = 3*d + 3*d - d - 3*d. Let w(a) = -4*l(a) + 2*r(a). Let m = 21 + -16. Calculate w(m).
-4
Let n(c) = c**3 + 38*c**2 - c - 51. Let b(t) = -39*t**2 + 183*t + 184. Let d be b(-1). Give n(d).
-13
Suppose 659 + 1157 = -357*a + 130*a. Let h(r) = r**2 + 12*r + 28. What is h(a)?
-4
Let p(s) = -s**2 - 7*s + 2. Suppose 0*j + 1890 = -5*j. Let m be (-2)/6*(j + -2 - 1). Suppose 0 = -o - 132 + m. Determine p(o).
12
Let u(g) be the second derivative of 5*g**3/6 - 3*g**2/2 - g. Let y be ((-5)/(60/8))/((-2)/18). Suppose 2*f - 18 = 4*r, -4*f = -5*r - 21 - y. Determine u(r).
-18
Suppose -36*s - 16 = 4*c - 33*s, 4*c - 2*s = 4. Let g(d) = -6*d + 4. Determine g(c).
10
Let d(x) = x**3 + 21*x**2 + 15*x - 100. Let k be d(-20). Let m(a) = a**3 - a**2 + 3*a - 7. What is m(k)?
-7
Let b(p) = 1 + 0 - 2*p**2 - 22*p**2. Let g(h) = -2*h**2 + 3*h - 6. Let c be g(0). Let r(d) = -2*d**2 - 15*d - 19. Let m be r(c). What is b(m)?
-23
Let y(c) = 33*c + 2*c**2 - 33*c - 2*c**3 + 2. Let j(l) = -l**3 - 11*l**2 - 2*l - 10. Let s be j(-11). Let v = s + -10. Give y(v).
-6
Let g(p) = -24*p**3 - 11*p**2 - 3*p + 39. Let a(x) = 17*x**3 + 7*x**2 + 2*x - 26. Let o(q) = -7*a(q) - 5*g(q). Calculate o(-6).
-19
Let m(v) = -14*v**2 - 163*v + 10. Let k(n) = -n**2 - 3*n + 10. Let w(g) = 4*k(g) - m(g). Determine w(-15).
15
Let h = 6365 - 6358. Let d(y) = -y + 1. Let n(b) = b - 2. Let p(i) = -5*d(i) - n(i). Calculate p(h).
25
Suppose 4*q - 4 = 4. Suppose -3*m + q*z - 7 = -26, 0 = 2*z + 4. Let h(a) = 2*a. Let y(o) = -3*o. Let i(w) = 4*h(w) + 3*y(w). Determine i(m).
-5
Suppose -d - 3*c + 15 = 0, 0 = d - 0*d - 4*c - 50. Let q = 32 - d. Let k(x) = 18*x - 5*x + 1 - 5*x - 9*x - 4*x**q. What is k(1)?
-4
Let d(v) be the second derivative of 2*v**2 + 0 + 29*v - v**3 + 1/12*v**4. What is d(4)?
-4
Let g = 3269 - 3257. Let k(n) = -n**2 + 9*n + 4. Calculate k(g).
-32
Let m be (2 + -1)/((-2)/(-4)). Let h(t) = 3 + m - 3 - 2*t**2 + 4*t**2. What is h(3)?
20
Suppose -2*n - 6*t = -7*t - 9, 5*t + 17 = -4*n. Let q(w) = -174*w**2 + 4 + 87*w**2 + 1 - 3*w + 88*w**n. What is q(4)?
9
Let c(t) be the second derivative of t**5/20 + 5*t**4/12 - t**3 - 7*t**2 - 2*t + 298. What is c(-6)?
-14
Let h be 25/3 + (-4)/(-6). Let s(w) = 4*w - 2. Let r(d) = 23*d + 2. Let b(t) = r(t) - 6*s(t). Calculate b(h).
5
Let i(n) = -2*n**2 - n - 12 + 16*n + 3*n**2 + 3*n**2. Let r(g) = g**2 + 2*g - 1. Let l(o) = -i(o) + 6*r(o). Determine l(4).
26
Let d be 16/(-1) - 2*6/(-12). Let b be 6/(-8) - d/20. Let m(j) be the third derivative of -j**4/24 + 3*j**3/2 - 4*j**2. Determine m(b).
9
Let y(c) = 29*c + 6*c**3 - 31*c - 5*c**3 + 6*c**2 - 13*c**2 + 2. Let b(u) = u + 17. Let q be b(-10). Calculate y(q).
-12
Let t(x) = -x**2 - 25*x + 225. Let p be t(7). Let f(d) = -2*d**2 + d. Calculate f(p).
-1
Let u(q) = -q**2 - 8*q - 17. Let z be u(-7). Let r(n) = -9 + n + 35 - 9. Calculate r(z).
7
Let u(g) = 3*g**2 + 35*g - 30. Let t(s) = -4*s**2 - 37*s + 24. Let m(h) = -5*t(h) - 6*u(h). What is m(7)?
-17
Suppose -4*u - 242 = 2*r, -3*r + 4*u = 194 + 159. Let l = 129 + r. Let v(d) = d + 4*d - 6*d - 2 - l*d. Determine v(-2).
20
Suppose -5*x = 20, u - 2*u - 12 = 5*x. Suppose 4 + 20 = -u*g. Let n be (-1)/(g/(-6)) + 6. Let p(c) = -c + 6. Calculate p(n).
2
Let p(s) be the first derivative of -s**2 + s + 1948. Give p(-4).
9
Let p(b) = b - 4. Let i(o) = 2. Let u(l) = 5*